 + 2. Let h be (-25 - 3) + (j - 1). What is the units digit of 4/(-18) + (-114)/h?
4
Let s = -16 + 28. Let t = s - -3. Suppose 0 = -w + 5*h - 4 + t, -4*w = -h - 63. What is the tens digit of w?
1
Suppose 3*p = 3*l + 179 - 32, -2*p + 101 = -l. What is the units digit of p?
2
Let o(l) = 3*l - 21. What is the units digit of o(9)?
6
Let v be (2*(-1)/2)/1. Let m(s) = 5*s**2 + 10*s**2 + 0*s**2 + s**2. What is the units digit of m(v)?
6
Let a = 35 + 11. What is the tens digit of a?
4
Let c(k) = -k - 1. Let x be c(-3). Suppose -4*o = -2*y - x*y - 52, -o - y = -3. What is the units digit of o?
8
Let j(t) = -14*t - 6. What is the tens digit of j(-5)?
6
Let y = -4 + 4. Let t be y - (0 - -2 - 9). Suppose -3*q + 13 = t*h - 3*h, -4*h + 6 = 2*q. What is the units digit of q?
7
Let x be (3 + -2)/(3/15). Let b be x + -5 - (-8 - 1). Suppose -4*t + b = -27. What is the units digit of t?
9
Let u(t) = 3*t**2 + 7*t. What is the tens digit of u(-4)?
2
Suppose -1 = -5*g - 2*u + 96, 0 = 5*g - 3*u - 92. Let z = 32 - g. What is the units digit of z?
3
Let j be (-2)/(3*3/54). Let l = -7 - j. Suppose 2*h + 8 = 0, -2*x = h - l - 1. What is the units digit of x?
5
Suppose 5*p - p = 92. Let n = p - 7. What is the units digit of n?
6
Suppose 0 = 9*n - 6*n - 69. What is the tens digit of n?
2
Suppose 0 = -3*y - y + 8. Let m(z) = y*z + 1 - 4*z + 2 - 4. What is the units digit of m(-1)?
1
Let z be (-57)/(-3 + (-3)/(-2)). Suppose -q + z = q. Suppose -3*y = 2*n - 19, -2*y = 3*n - q - 2. What is the units digit of y?
3
Let k be 7 + -5 + (1 - 3). Suppose k = 5*u + 11 - 71. Let g = 22 - u. What is the tens digit of g?
1
Let m(k) be the first derivative of -k**4/4 - 5*k**3/3 + 9*k**2/2 + 1. Let n be m(-7). Suppose n = 4*b + b. What is the units digit of b?
7
Suppose 4*r + 345 = 5*o, 2*o + 4*r = 3*o - 53. Let u = o + -36. What is the units digit of u?
7
Suppose 13*q - 8*q = 15. What is the units digit of (-6)/q - 57/(-3)?
7
Let u(v) = v**2 + 8*v + 6. Let y be u(-7). Let j be -12*2/4*y. Let h = j + -2. What is the units digit of h?
4
Let v be (0 - -1)/(2/8). Suppose -y - 4 = -v*l, 2*l + 4 = 2*y - 0*l. Suppose -g + 5*q = 14, 2*q + 5 = -y*g + 5*q. What is the units digit of g?
1
Let l(h) = h**3 + h**2 - 4. Let a be l(0). Let g be (-2)/(1 - -1)*9. What is the units digit of (-66)/g + a/(-6)?
8
Let g(d) be the second derivative of d**5/60 - d**4/3 + d**3/3 - d**2/2 - 2*d. Let w(t) be the first derivative of g(t). What is the units digit of w(8)?
2
Suppose -4*d + 3*d = -22. Suppose 2 + d = 3*x. What is the units digit of x?
8
Let z(j) = -2*j - 7. Suppose 5*k + 17 = -23. What is the units digit of z(k)?
9
Suppose 2*a - 60 = -a + 3*z, 0 = a + 3*z. Suppose -5*j + 35 + a = 0. What is the units digit of j?
0
Let g be 3/(-3) - 2 - -59. Let v = g + -31. What is the tens digit of v?
2
Let v(t) be the first derivative of -3*t**2/2 - t + 4. Let c be v(1). Let b = 8 - c. What is the units digit of b?
2
Suppose 2*a = q - 9, -5*q + 5*a + 51 - 16 = 0. What is the units digit of q?
5
Suppose 0 = -3*i - 6 + 21. Let v(c) = 0 + i*c - 1 + 2. What is the units digit of v(1)?
6
Let r be 194*(0/1 + 1). What is the units digit of r/18 + 2/9?
1
Let x(s) = s**3 - 6*s**2 - 8*s + 10. What is the units digit of x(7)?
3
Suppose -v + 4*h + 11 + 14 = 0, v - 2*h - 27 = 0. What is the units digit of v?
9
Let d = 14 - 13. What is the units digit of d?
1
Let g be (-4)/14 + (-230)/(-70). Let j = -1 - -3. Suppose 0 = -j*r + 5*o + 1 + 1, 0 = -5*r + g*o + 5. What is the units digit of r?
1
Suppose -3*v + 91 - 34 = 0. Suppose -3*m + 3*f + 18 = 0, -m - 4*f + 5 = v. Suppose 34 - 2 = m*u. What is the units digit of u?
6
Let q(z) = -z**3 - z**2 - z - 18. Let a be q(0). Let v = a + 33. Suppose 3*f - v = -5*j, -3*j = -f - 2*f + 15. What is the units digit of f?
5
Let g be 1*(-11 - 6/(-3)). What is the units digit of g/(-1) + (3 - 6)?
6
Suppose -9 - 6 = -5*j. What is the units digit of ((-9)/j)/((-3)/4)?
4
Suppose h - 4*h + 6 = 0, -2*z = 5*h - 124. What is the units digit of z?
7
Let v = 87 + -51. Suppose 10*p = 7*p + v. What is the units digit of p?
2
Let l(m) = -m**2 + 6*m - 3. Let x = 16 - 11. Let j be l(x). Let a = j + 6. What is the units digit of a?
8
Suppose -v + 1 = -4*r, -3*v + 3 = -0*v - 4*r. What is the units digit of v?
1
Suppose 5*y = -3*o + 73, -2*y + o + 55 = 17. Suppose 38 = 5*c - y. What is the tens digit of c?
1
Let o(h) = -h. Let u(g) = -g**2 + 10*g + 3. Let l(t) = -5*o(t) - u(t). What is the units digit of l(6)?
3
Suppose -7*k + 8 = -3*k - 4*u, 4*u = k + 13. Suppose -3*l + 4*l + k = 0. Let i = 12 + l. What is the units digit of i?
5
Let v be (2/4)/(4/24). Suppose -2*o = 5*t - 3*o - 46, 5*t - v*o - 38 = 0. What is the tens digit of t?
1
Let h(k) = -7 - 3*k + 1 + 2*k. Let t be h(-6). Suppose t = -4*u - 0 + 12. What is the units digit of u?
3
Suppose 0*p = 4*m - p - 399, -5*m + 2*p + 495 = 0. Let y = -70 + m. What is the tens digit of y?
3
Let c(d) = d - 1. Let b be c(2). Let n(i) = -i - 9. Let p be n(-8). What is the units digit of (p/2)/(b/(-2))?
1
Suppose i - 1 = 3. Suppose -2*g = -i*u - 24, 0 = 5*g + u - 4*u - 32. What is the units digit of g?
4
Let n be ((-6)/(-5))/((-15)/(-50)). Suppose v + v - 2*d - 10 = 0, 5*v - n*d = 22. What is the units digit of v?
2
Let s be (3/(-4))/(4/(-16)). Let o(x) = 3*x**s - x**2 - 1 + 4*x**2 - 2*x**3. What is the units digit of o(-1)?
1
Let m(u) be the second derivative of -u**4/12 - u**3 + 7*u**2/2 + 2*u. Let s be (-28)/6 + (-2)/6. What is the units digit of m(s)?
2
Let c = 81 + -46. What is the units digit of c?
5
Suppose 4*r + 3*b = 159, -4*r + 5*b + 154 = 3*b. What is the tens digit of r?
3
Let o be (18/8)/((-6)/24). Let d = o - -24. What is the tens digit of d?
1
Let j = 0 - -4. Let p(z) be the first derivative of -z**3/3 + 5*z**2/2 + 2*z + 1. What is the units digit of p(j)?
6
Let c(x) = -18*x. Let o(u) = -u**2 + 7*u - 7. Let k be o(6). What is the tens digit of c(k)?
1
Suppose d = -4*d + 105. What is the tens digit of d?
2
Suppose -3*l - 3*w = -144, 2*w - 7*w = l - 48. What is the tens digit of l?
4
Let f(n) = -4*n**3 + 2*n**2 - 3*n - 3. What is the units digit of f(-2)?
3
Let x = 10 - 6. What is the units digit of x?
4
Let g be 4/16 + (-43)/(-4). Suppose o = 4 - 10. Let c = g + o. What is the units digit of c?
5
Let q(l) = 3*l**2 + 8*l + 5. What is the units digit of q(-5)?
0
Let h(j) = 3*j**2 - 10*j - 1. Suppose -2*q + 6 = -4. What is the units digit of h(q)?
4
Let w(c) be the third derivative of c**6/360 - c**5/120 + c**4/6 - c**3/3 + 2*c**2. Let m(o) be the first derivative of w(o). What is the units digit of m(4)?
6
Let o be (-6)/27 + 47/9. Suppose -4*v - 21 = -o*v. What is the tens digit of v?
2
Suppose -2*l - 23 + 7 = 0. Let h = -4 - l. What is the units digit of h?
4
Suppose 0 = -0*o - o. Suppose l + l - 8 = o. Suppose l*m = x - 3*x + 34, -3*x - m + 36 = 0. What is the units digit of x?
1
Let v(s) = -3*s + 5. What is the units digit of v(0)?
5
Suppose -4*r = -r + 5*p - 99, 2*r + 2*p - 70 = 0. Let a = r + -18. What is the tens digit of a?
2
Let s(m) = 3*m**2 + 1. Let f be s(-1). Suppose 0 = 2*x - f*x + 28. What is the units digit of x?
4
Let m(y) = y**3 + y**2 + y - 4. Let g be m(0). What is the tens digit of (-49)/(-4) - (-1)/g?
1
Suppose -2*d + 8 = 4. What is the tens digit of (d/6)/((-2)/(-84))?
1
Suppose 80 = q - s - 60, -260 = -2*q - 2*s. What is the units digit of q?
5
Let w(s) = 7*s**3 - 2*s - 4. Let m(z) = -6*z**3 + z**2 + 2*z + 3. Let g(b) = 6*m(b) + 5*w(b). What is the units digit of g(6)?
0
Let b be (-2 + 4)*(-36)/(-8). Let f = -4 + b. What is the units digit of f?
5
Let w(r) be the second derivative of r**4/3 + r**2 + r. Let q(u) be the first derivative of w(u). What is the units digit of q(1)?
8
Let j be 3*6/(-9) - -4. Suppose -a - 29 = -j*a. What is the units digit of a?
9
Let y(z) = z + 6. Let d be y(18). Let c = 43 - d. What is the tens digit of c?
1
Let b = 0 + 0. Suppose y + 4*f - 13 = 0, b = -y - 2*f + 3*f + 23. Suppose -5*r + 9 = -y. What is the units digit of r?
6
Suppose 0 = 4*j + 35 - 151. What is the tens digit of j?
2
Let o(z) = -z**3 - z**2 - 5. What is the tens digit of o(-5)?
9
Suppose 0 = -5*p + 93 + 42. What is the units digit of (33/9)/(3/p)?
3
Let o be (9/2)/((-3)/4). Let u be (-16)/7 + o/(-21). Let r = 4 + u. What is the units digit o